146803 a prime number?
False
Is 77719412093 composite?
True
Is 245887171 a prime number?
True
Is 1192604029 composite?
False
Is 140402851 composite?
False
Is 7229480369 prime?
True
Is 59643624331 a prime number?
False
Is 3886201931 a prime number?
False
Is 2759928841 prime?
True
Is 6015644081 a prime number?
True
Is 1296478907 a prime number?
False
Is 4020335563 a composite number?
True
Is 22786560491 prime?
True
Is 1157566637 composite?
False
Is 5187615721 prime?
False
Is 14115883051 prime?
True
Is 117266556577 a prime number?
True
Is 927932683 prime?
True
Is 2949570553 prime?
True
Is 9792198049 composite?
False
Is 6776268019 a composite number?
False
Is 18780817943 a prime number?
False
Is 119684342821 a prime number?
False
Is 114852111271 prime?
True
Is 327045427 composite?
False
Is 1452837097 composite?
True
Is 55219264913 a prime number?
True
Is 885466103 composite?
False
Is 841601569 a composite number?
False
Is 52660358593 a composite number?
False
Is 872889821 prime?
False
Is 19742047051 a composite number?
False
Is 132911795857 a composite number?
False
Is 6719338103 a prime number?
False
Is 98947727 a composite number?
False
Is 3379895087 a composite number?
False
Is 2429611 prime?
False
Is 21854167109 prime?
True
Is 27355783451 composite?
False
Is 112477024263 composite?
True
Is 31189340191 a composite number?
True
Is 5689406231 composite?
False
Is 493520023 composite?
True
Is 4382230793 prime?
False
Is 38447777549 composite?
True
Is 352323941 composite?
False
Is 243285362 a prime number?
False
Is 4603622407 a composite number?
False
Is 1816782713 a composite number?
True
Is 118217597 composite?
False
Is 162890585137 a prime number?
False
Is 11356820483 a prime number?
True
Is 2753174279 a composite number?
True
Is 69237551 a prime number?
False
Is 331020961 a composite number?
False
Is 20698738457 a prime number?
True
Is 18942311341 a prime number?
False
Is 16335318227 prime?
True
Is 7018350863 composite?
False
Is 4104385981 a prime number?
False
Is 6325722163 a prime number?
True
Is 7885828523 a composite number?
True
Is 11683123 prime?
False
Is 881333723 composite?
False
Is 76765024703 prime?
True
Is 2429107 composite?
False
Is 1096355543 a prime number?
False
Is 14878874497 composite?
False
Is 663281987 composite?
False
Is 24934931402 a composite number?
True
Is 2145499003 composite?
False
Is 2037555601 a prime number?
True
Is 6969775009 a prime number?
False
Is 2651544479 a composite number?
False
Is 2572911511 composite?
False
Is 20569473079 a composite number?
True
Is 71559694 prime?
False
Is 213237353023 composite?
False
Is 2954454091 composite?
False
Is 641376581 prime?
True
Is 710977297 composite?
True
Is 30648447253 a prime number?
True
Is 305119379 a composite number?
False
Is 24947060357 a composite number?
True
Is 19626594443 prime?
True
Is 95909309009 prime?
False
Is 18732344203 prime?
True
Is 9644383993 a prime number?
True
Is 16743338371 a prime number?
False
Is 1846796959 a prime number?
False
Is 31988238949 a composite number?
True
Is 847533331 a prime number?
True
Is 193545047 composite?
True
Is 574015753 a prime number?
True
Is 2634169693 prime?
True
Is 309924461411 a prime number?
True
Is 69321689 a composite number?
False
Is 1965482203 a prime number?
True
Is 307664771 composite?
False
Is 466443821 prime?
True
Is 295059443 prime?
False
Is 3270006497 a prime number?
True
Is 505647865 prime?
False
Is 30044011 prime?
False
Is 604926233 composite?
True
Is 537224453 composite?
True
Is 2185211767 composite?
True
Is 132015454738 a prime number?
False
Is 20352296567 a prime number?
False
Is 6854520059 prime?
True
Is 2560720751 a composite number?
True
Is 29201474579 composite?
False
Is 30288242441 composite?
False
Is 94403833291 composite?
True
Is 187074488795 a composite number?
True
Is 393657813089 composite?
False
Is 42006726109 a prime number?
True
Is 1960659037 prime?
True
Is 2815456939 composite?
False
Is 1220750009 a composite number?
False
Is 10702263479 prime?
True
Is 497060519 composite?
False
Is 21220065667 a prime number?
False
Is 13158407491 composite?
True
Is 187822331 composite?
False
Is 1222030021 prime?
True
Is 96130609 a composite number?
True
Is 3808991687 a prime number?
True
Is 2139775349 prime?
False
Is 9322513093 composite?
False
Is 4742152447 a composite number?
True
Is 10143179029 a composite number?
True
Is 16583931037 prime?
False
Is 3787857967 a prime number?
True
Is 2698966951 a composite number?
True
Is 3023805989 composite?
True
Is 5214010003 prime?
True
Is 1462893421 prime?
False
Is 8866056281 prime?
True
Is 1383031357 a prime number?
True
Is 3667404751 a prime number?
True
Is 568689805 a prime number?
False
Is 4203054413 a prime number?
False
Is 119375881 prime?
True
Is 3772240643 a prime number?
True
Is 1945213679 composite?
False
Is 17859775133 a prime number?
True
Is 918474177 composite?
True
Is 18179555278 a composite number?
True
Is 260761451273 a prime number?
True
Is 214734718959 prime?
False
Is 694082819 prime?
False
Is 290492929 a composite number?
False
Is 3197407105 composite?
True
Is 34755742517 composite?
True
Is 497063771 a composite number?
True
Is 756099805 a composite number?
True
Is 110219159 a composite number?
True
Is 130097108741 prime?
False
Is 1061460689 a composite number?
True
Is 9149759473 composite?
False
Is 37883621 composite?
False
Is 8175626011 prime?
False
Is 431725907 composite?
False
Is 831589463 a prime number?
True
Is 2290846403 composite?
False
Is 455686247 prime?
True
Is 1684061501 a composite number?
False
Is 1143441259 composite?
True
Is 65004854377 a composite number?
True
Is 32964431641 prime?
False
Is 27582323683 composite?
True
Is 2096391613 a prime number?
True
Is 11727812611 a prime number?
True
Is 1873300138 prime?
False
Is 64582651327 a prime number?
True
Is 45522781 prime?
True
Is 222408073 a prime number?
False
Is 2305826251 composite?
True
Is 1928595547 a composite number?
False
Is 792534937 a composite number?
True
Is 6216625871 composite?
False
Is 649462273 composite?
False
Is 86245186345 composite?
True
Is 1176185677 a prime number?
False
Is 98501080691 composite?
True
Is 740005159 composite?
False
Is 10906957643 a prime number?
False
Is 2554149709 prime?
True
Is 144892153897 prime?
True
Is 29777197897 a composite number?
False
Is 2305537217 a composite number?
False
Is 32387407271 prime?
True
Is 266970931 a composite number?
False
Is 43683157235 prime?
False
Is 21676052699 a composite number?
True
Is 415780637 composite?
True
Is 5331643311 a prime number?
False
Is 20298667 composite?
False
Is 8389441 a prime number?
True
Is 411385067 a composite number?
False
Is 3562508297 prime?
True
Is 1686515521 composite?
False
Is 14836294549 a composite number?
True
Is 245913161 a prime number?
False
Is 151643641 a composite number?
True
Is 166537463 a composite number?
True
Is 3565658233 a composite number?
True
Is 422772341 prime?
True
Is 2400090387 a prime number?
False
Is 1179246389 a composite number?
False
Is 254143033 a prime number?
False
Is 509807537 prime?
False
Is 120037423 a prime number?
False
Is 821412167 prime?
True
Is 697444673 composite?
True
Is 50499885151 composite?
False
Is 3307184423 prime?
True
Is 360761029 composite?
True
Is 3083868647 prime?
True
Is 956965433 prime?
False
Is 41721484117 a prime number?
True
Is 2287427063 prime?
True
Is 5198255591 a prime number?
True
Is 4710096833 a composite number?
True
Is 2257968013 composite?
True
Is 138254981 prime?
True
Is 1981375129 a composite number?
False
Is 429884486 a composite number?
True
Is 10319106263 composite?
True
Is 49471256753 prime?
True
Is 24536187859 a prime number?
True
Is 15093384937 composite?
False
Is 13711091021 composite?
False
Is 7677263103 a prime number?
False
Is 5945956061 a prime number?
False
Is 10851327563 a prime number?
False
Is 7957799557 prime?
False
Is 310232467 prime?
True
Is 163967407 composite?
True
Is 19951224023 composite?
False
Is 2412623597 a composite number?
False
Is 631262959 composite?
False
Is 68694036091 a composite number?
False
Is 179560511371 composite?
False
Is 2482446101 a composite number?
True
Is 6190454839 a composite number?
False
Is 13487397857 composite?
True
Is 955746497 composite?
True
Is 125445226703 a composite nu